 -34 = -2*o + 4*z. Suppose -10*a = -o*a - 5. Suppose p = g + 140, 0 = 2*p + 2*p - a*g - 559. Does 13 divide p?
False
Let k(q) = -q**3 - 2*q + 39. Let i(h) = 3*h**2 + 7*h + 6. Let y be i(-2). Suppose y*c + n = -6 + 2, 16 = -5*c - 4*n. Is 5 a factor of k(c)?
False
Let m(q) = 8 - 4 - 1 - 10*q - 11*q + 0*q. Let p = 2 + -5. Does 22 divide m(p)?
True
Suppose 0 = 3*c - 0*c - 6, 5*c = q - 2013. Suppose 3381 = -9*d + 14*d - 3*u, u - q = -3*d. Does 15 divide d?
True
Let r(w) be the third derivative of -w**6/120 + 13*w**5/30 + 19*w**4/12 - 13*w**3/6 - w**2 - 19*w. Is 10 a factor of r(27)?
False
Let i = 41 + 83. Let l = -120 + i. Does 21 divide 63/(l/(-1 - -13))?
True
Let h = -95 - -90. Let r be (h/(-10))/((-2)/(-144)). Let s = 120 + r. Is s a multiple of 20?
False
Suppose j - 13*q + 11*q = 1901, -5*j - 2*q + 9493 = 0. Is j a multiple of 25?
False
Suppose 0 = 23*i - 28*i + 10. Suppose 76 = 4*r - i*w, -2*r + 5*r + 3*w = 66. Is r a multiple of 10?
True
Suppose -61*u + 103*u - 78540 = 0. Is u a multiple of 24?
False
Suppose -47*i = -49*i + 402. Let j = 501 - i. Is j a multiple of 26?
False
Let q(r) = r**2 + 12*r - 3. Let v be q(-12). Let x be (-8)/12*v/1. Let c(b) = 5*b**2 + 3*b - 8. Is 3 a factor of c(x)?
True
Let d = 117 + -118. Is 248 + (-1 + -1)*d a multiple of 7?
False
Let i(r) = 9*r**2 + 23*r + 34. Let p(a) = 4*a**2 + 11*a + 17. Let c(h) = -3*i(h) + 7*p(h). Let m be c(-5). Suppose k - 192 = -m*k. Is k a multiple of 8?
True
Let h be (-14 - -10)/(0 - 1). Suppose 4*t = r + 37 + 7, 5*t - h*r = 55. Does 2 divide t?
False
Let s(p) = 60*p - p**2 + 49*p - 5*p**3 - 105*p - 4. Does 34 divide s(-3)?
False
Suppose -74*x = -257*x + 209901. Is x a multiple of 14?
False
Let o(u) = 106*u + 629. Is o(37) a multiple of 11?
False
Suppose h - 272 = -2*i - 185, -2*h + 4*i + 158 = 0. Does 3 divide h?
False
Let m(x) be the second derivative of 34*x**3/3 - 136*x**2 + x - 3. Does 32 divide m(12)?
True
Let y(a) = -a**2 - 13*a - 10. Let s be y(-12). Suppose -j + 6*c + 178 = 3*c, -j - s*c = -158. Suppose 4*k - 154 = -v, -k = -v + k + j. Does 18 divide v?
True
Let q(s) = s**3 - 6*s**2 + 8*s - 8. Let p be q(5). Suppose 0 = 4*y - 3*o - 22 - 6, y - 5*o - p = 0. Suppose y*h - 80 - 81 = 0. Is 4 a factor of h?
False
Is 183 a factor of (-976)/(-6)*(-1953)/(-62)?
True
Suppose -f + 3 + 1 = 0. Suppose 0 = -5*y + 2*i, 6*i - f*i = 0. Let r(k) = -k**2 + 17. Is 3 a factor of r(y)?
False
Is 83 a factor of (-2)/2 - (-219 + 1)*8?
True
Suppose -1320 = 16*h - 9464. Suppose -h = -2*o + 611. Does 14 divide o?
True
Suppose u - 1382 = -5*g, -g - 274 = -2*g + u. Suppose -6*j = -156 - g. Does 14 divide j/60*25/(-2 - -3)?
False
Suppose 36386 = 142*t - 141*t - 4*i, 36380 = t - 3*i. Is t a multiple of 10?
False
Let r = 43 + 175. Let p = r - 192. Is p a multiple of 6?
False
Let u be -5 - -3 - -5 - -27. Does 2 divide u - (-14)/7*(3 - 2)?
True
Suppose 3*j - n + 49470 = 130754, -3*j + 81281 = -4*n. Is j a multiple of 215?
False
Let f be 91/(-21) + (-12)/18. Let z(v) = 15*v**2 + 29*v + 138. Is z(f) a multiple of 8?
True
Let s be -5 - ((-6)/(-48) - (-285)/(-40)). Suppose 920 = s*m + t, -4*m - 6*t + 3*t + 1842 = 0. Does 17 divide m?
True
Let s = -1150 - -2025. Let l = s + -609. Does 20 divide l?
False
Let o(j) = 6*j + 28. Let s be o(7). Let l = s + -37. Let z = l + 35. Does 31 divide z?
False
Let b = -19 - -23. Let p(v) = -2*v**2 - v. Let d be p(b). Let r = -21 - d. Is r a multiple of 5?
True
Let z(u) = 5*u**3 - 7*u**2 - 4. Let l(d) = -11*d**3 + 15*d**2 - d + 7. Let h(w) = -6*l(w) - 13*z(w). Does 2 divide h(5)?
True
Suppose -3988 = 209*y + 3536. Suppose -m = m - 84. Let u = m + y. Is 6 a factor of u?
True
Let p(d) = 9*d**3 - 18*d**2 + 21*d - 24. Is 80 a factor of p(8)?
True
Suppose -4*x = -43053 - 23583. Does 59 divide ((-16)/(-72))/(3/x)?
False
Let o(m) = m**3 + m**2 + m - 8. Let i be (-20)/(-8) + -1 - 25/(-10). Is o(i) a multiple of 5?
False
Let l(n) = -321*n - 456. Is l(-10) a multiple of 18?
True
Suppose 5*o = -3*h + 3278, -5*h = 12*o - 9*o - 5442. Does 165 divide h?
False
Suppose 23*n - 15*n = 40. Suppose 0 = -n*m + 7*m + 10, m + 161 = 2*c. Is 3 a factor of c?
True
Let r = -161 + 895. Is 7 a factor of r?
False
Let b(w) = 2*w**3 - 3*w**2 + 4*w - 2. Let y(k) = -4*k**3 + 7*k**2 - 9*k + 3. Let a = -5 - -1. Let g(d) = a*y(d) - 9*b(d). Is g(0) a multiple of 3?
True
Suppose -6*t - 15*t - 11634 = 0. Let z = 981 + t. Is 38 a factor of z?
False
Suppose 167292 = -16*y + 22*y - 33588. Is y a multiple of 18?
True
Suppose 0 = -0*b - b - 4*l + 242, b - 244 = -2*l. Suppose 434 + b = 4*v. Is v a multiple of 85?
True
Let p = 177 + 3886. Does 51 divide p?
False
Let l(s) = 3*s**2 + 5*s + 101. Let x(f) = f**2 + 2*f + 50. Let a(c) = 2*l(c) - 5*x(c). Does 17 divide a(-15)?
False
Suppose -28*h = -20*h - 136. Suppose 0 = -h*d + 26*d - 2304. Is 24 a factor of d?
False
Suppose 0 = -137*x - 382709 + 5338958. Is 31 a factor of x?
True
Let p = -31 + 162. Suppose -g + 4*g = 5*m - 495, -m - 5*g + 99 = 0. Let z = p - m. Is 7 a factor of z?
False
Suppose 0 = c + 29*c + 780. Let m be (6/(-8))/((-3)/360). Let q = m + c. Is q a multiple of 33?
False
Let n = 258 - 249. Suppose 0 = n*i - 12*i + 792. Is i a multiple of 11?
True
Suppose -5*d + 25 = -171*f + 172*f, 10 = 2*d + 3*f. Suppose -c - 210 = -d*o + 7227, -2*o = -4*c - 2964. Is 24 a factor of o?
True
Is 120/30 + (-81361)/(-7) a multiple of 50?
False
Let o be (6/(-18))/(100/(-105) + 1). Let f(s) = s**3 + 14*s**2 + 7*s + 41. Is f(o) a multiple of 38?
False
Is 52 a factor of 6*(-403 - -5)*(64/(-12) - -1)?
True
Suppose 7*l - 4*l = 5*d - 25, -2*l - 10 = 0. Suppose -d*v + 30*w + 39 = 33*w, 0 = -4*v + 5*w + 133. Does 27 divide v?
True
Suppose 1 = -2*z + 9. Let m(h) be the second derivative of h**5/20 - h**4/3 + h**3/2 + 9*h**2/2 - 6*h + 27. Does 7 divide m(z)?
True
Let p(t) = 164*t**2 - 23*t - 95. Is 103 a factor of p(-5)?
True
Let s(c) = -c**3 + 18*c**2 - 12*c - 59. Let f be s(18). Is (f/(-75))/(2 - 137/69) a multiple of 11?
True
Suppose 33 = 5*z + x, -3*z + 12 + 9 = x. Suppose -z*u = 81 - 441. Does 6 divide u?
True
Suppose -3*p = 36*s - 32*s - 12234, 2*p + s - 8151 = 0. Is 7 a factor of p?
True
Suppose 2 = -4*x + 6. Suppose 0 = -1932*u + 1925*u - 21. Is 27 a factor of (-339)/(-6 - u) + -3 + x?
False
Let v = 210 + -167. Let h(q) = 7*q**2 + 2. Let b be h(3). Suppose -k = 2*u - v, -3*k = 3*u - k - b. Does 7 divide u?
True
Suppose 6*u - u + 171 = -p, -3*u = 9. Let w = -69 - p. Is 5 + -2 - w*(0 - 1) a multiple of 18?
True
Let g(z) = -3*z**3 - 18*z**2 - 5*z + 25. Let n(p) = 13*p**3 + 73*p**2 + 20*p - 101. Let m(a) = 9*g(a) + 2*n(a). Let y = -71 + 55. Is 11 a factor of m(y)?
False
Let p(b) = -4*b. Let j(q) = -q + 1. Let u(t) = 6*j(t) - 2*p(t). Suppose 3*r + 28 = 46. Is 6 a factor of u(r)?
True
Let s be 8 + -17 + (-2 - -6) + 86. Suppose -5*n - 46 - 43 = 4*y, 22 = -2*n - 5*y. Let j = n + s. Does 19 divide j?
False
Let m(l) = 568*l**2 - 60*l - 173. Is m(-3) a multiple of 81?
False
Is 2 - (15 + -17)*2689 a multiple of 20?
True
Let z(n) = 1436*n + 500. Does 64 divide z(5)?
True
Suppose 2*f + 1 = -a + 23, a + 2 = 0. Is f/(-15)*350/(-20) a multiple of 8?
False
Let d(a) = a**3 + 12*a**2 - 16*a - 37. Let o be d(-13). Suppose 0 = -2*y - 3*i + o*i + 1287, 5*y = -5*i + 3205. Does 18 divide y?
False
Let o(g) = -29*g + 224. Let z be o(23). Let a = z + 635. Is a a multiple of 64?
True
Let t(x) = 940*x + 1101. Is 10 a factor of t(6)?
False
Suppose 91 = 4*x + p, 4*x - p = -3*p + 86. Suppose 0 = 2*n + 2*n - x. Suppose 0 = 9*y - n*y - 42. Does 6 divide y?
False
Suppose 30*q = 28*q - 4*o + 64590, 4*q + o = 129208. Does 35 divide q?
False
Let v(c) = 37*c**2 + 70*c + 83. Let x(w) = -13*w**2 - 24*w - 29. Let n(k) = -6*v(k) - 17*x(k). Let l = 5 - 12. Is 15 a factor of n(l)?
True
Let i = -566 - -852. Let q = i + -34. Is q a multiple of 28?
True
Let y(h) = 5*h - 29. Let b be y(9). Suppose 344 = -4*n + b. Let m = -18 - n. Is m a multiple of 16?
True
Suppose -q - 4*q + 1263 = w, -2*w + 6 = 0. Does 3 divide ((-6)/(-8))/(0 - (-3)/q)?
True
Let p(f) = -f + 9. Suppose 3 = -16*s + 17*s. Suppose -g - s*x - 6 = -4*g, -3*x = -g + 6. Is 9 a factor of p(g)?
True
Let n(t) = -t**3 - t**2 - t + 8. Let r be n(0). Let b be 4/r - (-2)/(-4). Suppose -4*u - 5*z + 391 = b, 3*u + u + 3*z - 393 = 0. Is 33 a factor of u?
True
Let b be (440/(-44))/((-5